{"id":1221,"date":"2019-05-16T09:24:45","date_gmt":"2019-05-16T09:24:45","guid":{"rendered":"https:\/\/promo-theme.com\/mato\/?page_id=1221"},"modified":"2023-02-26T22:49:50","modified_gmt":"2023-02-26T22:49:50","slug":"grid-with-offsets","status":"publish","type":"page","link":"https:\/\/thewritersjourneyiisff.com\/index.php\/gallery\/grid-with-offsets\/","title":{"rendered":"Grid With Offsets"},"content":{"rendered":"<section class=\"wpb-content-wrapper\"><p>[vc_row][vc_column]      <div class=\"heading-block heading-5cdd2723f9933 tal h-h1 vc_custom_1677451599232\">\n                  <h1 class=\"h\">JURY<\/h1>\n              <\/div>\n    \t\t\t\t\t\t\t<div class=\"portfolio-block filter-block portfolio-5cdd277e7ae77 popup-gallery portfolio-grid_w_offsets\" data-type=\"grid_w_offsets\">\n\t\t\t\t\t\n\t\t\t\t\t<div class=\"load-wrap portfolio-items-grid3 isotope row\">\n\t\t\t\t\t\t\t\t\t\t\t\t\t<div class=\"grid-sizer col-1\"><\/div>\n\t\t\t\t\t\t\t\t<article class=\"item  popup-item col-12 col-md-6\">\n\t\t\t<div class=\"portfolio-item-grid3 wpb_animate_when_almost_visible wpb_fadeInLeft fadeInLeft post-357 fw-portfolio type-fw-portfolio status-publish has-post-thumbnail hentry\">\n\t\t\t\t<div class=\"img-block\">\n\t\t\t\t\t\t\t\t\t\t\t<div class=\"img\" style=\"background-image: url(https:\/\/thewritersjourneyiisff.com\/wp-content\/uploads\/2023\/02\/WhatsApp-Image-2024-04-22-at-09.02.29-1024x654.jpeg)\"><\/div>\n\t\t\t\t\t\t\t\t\t<\/div>\n\t\t\t\t<div class=\"content\">\n\t\t\t\t\t<div class=\"sub-h title-with-dots\">\n\t\t\t\t\t\tchapter 01\t\t\t\t\t<\/div>\n\t\t\t\t\t<h4 class=\"h\">SETENAY ACI<\/h4>\n\t\t\t\t<\/div>\n\t\t\t\t<a href=\"https:\/\/thewritersjourneyiisff.com\/wp-content\/uploads\/2023\/02\/WhatsApp-Image-2024-04-22-at-09.02.29.jpeg\" data-size=\"1600x1022\" data-magic-cursor=\"link-w-text\" data-magic-cursor-text=\"View\" data-id=\"1\"><\/a>\t\t\t<\/div>\n\t\t<\/article>\n\t\t\t\t<article class=\"item  popup-item col-12 col-md-6\">\n\t\t\t<div class=\"portfolio-item-grid3 wpb_animate_when_almost_visible wpb_fadeInLeft fadeInLeft post-1712 fw-portfolio type-fw-portfolio status-publish has-post-thumbnail hentry\">\n\t\t\t\t<div class=\"img-block\">\n\t\t\t\t\t\t\t\t\t\t\t<div class=\"img\" style=\"background-image: url(https:\/\/thewritersjourneyiisff.com\/wp-content\/uploads\/2025\/10\/WhatsApp-Image-2025-10-04-at-11.54.51-1024x1024.jpeg)\"><\/div>\n\t\t\t\t\t\t\t\t\t<\/div>\n\t\t\t\t<div class=\"content\">\n\t\t\t\t\t<div class=\"sub-h title-with-dots\">\n\t\t\t\t\t\tchapter 02\t\t\t\t\t<\/div>\n\t\t\t\t\t<h4 class=\"h\">TAMER LEVENT<\/h4>\n\t\t\t\t<\/div>\n\t\t\t\t<a href=\"https:\/\/thewritersjourneyiisff.com\/wp-content\/uploads\/2025\/10\/WhatsApp-Image-2025-10-04-at-11.54.51.jpeg\" data-size=\"1600x1600\" data-magic-cursor=\"link-w-text\" data-magic-cursor-text=\"View\" data-id=\"2\"><\/a>\t\t\t<\/div>\n\t\t<\/article>\n\t\t\t\t<article class=\"item  popup-item col-12 col-md-6\">\n\t\t\t<div class=\"portfolio-item-grid3 wpb_animate_when_almost_visible wpb_fadeInLeft fadeInLeft post-1716 fw-portfolio type-fw-portfolio status-publish has-post-thumbnail hentry\">\n\t\t\t\t<div class=\"img-block\">\n\t\t\t\t\t\t\t\t\t\t\t<div class=\"img\" style=\"background-image: url(https:\/\/thewritersjourneyiisff.com\/wp-content\/uploads\/2025\/10\/WhatsApp-Image-2025-10-04-at-11.54.30-1024x1024.jpeg)\"><\/div>\n\t\t\t\t\t\t\t\t\t<\/div>\n\t\t\t\t<div class=\"content\">\n\t\t\t\t\t<div class=\"sub-h title-with-dots\">\n\t\t\t\t\t\tchapter 03\t\t\t\t\t<\/div>\n\t\t\t\t\t<h4 class=\"h\">HAMD\u0130 ALKAN<\/h4>\n\t\t\t\t<\/div>\n\t\t\t\t<a href=\"https:\/\/thewritersjourneyiisff.com\/wp-content\/uploads\/2025\/10\/WhatsApp-Image-2025-10-04-at-11.54.30.jpeg\" data-size=\"1600x1600\" data-magic-cursor=\"link-w-text\" data-magic-cursor-text=\"View\" data-id=\"3\"><\/a>\t\t\t<\/div>\n\t\t<\/article>\n\t\t\t\t<article class=\"item  popup-item col-12 col-md-6\">\n\t\t\t<div class=\"portfolio-item-grid3 wpb_animate_when_almost_visible wpb_fadeInLeft fadeInLeft post-363 fw-portfolio type-fw-portfolio status-publish has-post-thumbnail hentry\">\n\t\t\t\t<div class=\"img-block\">\n\t\t\t\t\t\t\t\t\t\t\t<div class=\"img\" style=\"background-image: url(https:\/\/thewritersjourneyiisff.com\/wp-content\/uploads\/2023\/08\/WhatsApp-Image-2023-08-24-at-19.16.11.jpeg)\"><\/div>\n\t\t\t\t\t\t\t\t\t<\/div>\n\t\t\t\t<div class=\"content\">\n\t\t\t\t\t<div class=\"sub-h title-with-dots\">\n\t\t\t\t\t\tchapter 04\t\t\t\t\t<\/div>\n\t\t\t\t\t<h4 class=\"h\">ERKAN KOL\u00c7AK K\u00d6STEND\u0130L<\/h4>\n\t\t\t\t<\/div>\n\t\t\t\t<a href=\"https:\/\/thewritersjourneyiisff.com\/wp-content\/uploads\/2023\/08\/WhatsApp-Image-2023-08-24-at-19.16.11.jpeg\" data-size=\"817x1024\" data-magic-cursor=\"link-w-text\" data-magic-cursor-text=\"View\" data-id=\"4\"><\/a>\t\t\t<\/div>\n\t\t<\/article>\n\t\t\t\t<article class=\"item  popup-item col-12 col-md-6\">\n\t\t\t<div class=\"portfolio-item-grid3 wpb_animate_when_almost_visible wpb_fadeInLeft fadeInLeft post-365 fw-portfolio type-fw-portfolio status-publish has-post-thumbnail hentry\">\n\t\t\t\t<div class=\"img-block\">\n\t\t\t\t\t\t\t\t\t\t\t<div class=\"img\" style=\"background-image: url(https:\/\/thewritersjourneyiisff.com\/wp-content\/uploads\/2023\/02\/MUSTAFA-KARACAN-legal-adviser-683x1024.jpeg)\"><\/div>\n\t\t\t\t\t\t\t\t\t<\/div>\n\t\t\t\t<div class=\"content\">\n\t\t\t\t\t<div class=\"sub-h title-with-dots\">\n\t\t\t\t\t\tchapter 05\t\t\t\t\t<\/div>\n\t\t\t\t\t<h4 class=\"h\">MUSTAFA KARACAN<\/h4>\n\t\t\t\t<\/div>\n\t\t\t\t<a href=\"https:\/\/thewritersjourneyiisff.com\/wp-content\/uploads\/2023\/02\/MUSTAFA-KARACAN-legal-adviser.jpeg\" data-size=\"800x1200\" data-magic-cursor=\"link-w-text\" data-magic-cursor-text=\"View\" data-id=\"5\"><\/a>\t\t\t<\/div>\n\t\t<\/article>\n\t\t\t\t<article class=\"item  popup-item col-12 col-md-6\">\n\t\t\t<div class=\"portfolio-item-grid3 wpb_animate_when_almost_visible wpb_fadeInLeft fadeInLeft post-1565 fw-portfolio type-fw-portfolio status-publish has-post-thumbnail hentry\">\n\t\t\t\t<div class=\"img-block\">\n\t\t\t\t\t\t\t\t\t\t\t<div class=\"img\" style=\"background-image: url(https:\/\/thewritersjourneyiisff.com\/wp-content\/uploads\/2023\/02\/ahmet-sisman-chief-Jury-member.jpeg)\"><\/div>\n\t\t\t\t\t\t\t\t\t<\/div>\n\t\t\t\t<div class=\"content\">\n\t\t\t\t\t<div class=\"sub-h title-with-dots\">\n\t\t\t\t\t\tchapter 06\t\t\t\t\t<\/div>\n\t\t\t\t\t<h4 class=\"h\">AHMET \u015e\u0130\u015eMAN<\/h4>\n\t\t\t\t<\/div>\n\t\t\t\t<a href=\"https:\/\/thewritersjourneyiisff.com\/wp-content\/uploads\/2023\/02\/ahmet-sisman-chief-Jury-member.jpeg\" data-size=\"170x161\" data-magic-cursor=\"link-w-text\" data-magic-cursor-text=\"View\" data-id=\"6\"><\/a>\t\t\t<\/div>\n\t\t<\/article>\n\t\t\t\t<article class=\"item  popup-item col-12 col-md-6\">\n\t\t\t<div class=\"portfolio-item-grid3 wpb_animate_when_almost_visible wpb_fadeInLeft fadeInLeft post-1568 fw-portfolio type-fw-portfolio status-publish has-post-thumbnail hentry\">\n\t\t\t\t<div class=\"img-block\">\n\t\t\t\t\t\t\t\t\t\t\t<div class=\"img\" style=\"background-image: url(https:\/\/thewritersjourneyiisff.com\/wp-content\/uploads\/2024\/03\/WhatsApp-Image-2024-03-13-at-15.08.13-2-1024x1024.jpeg)\"><\/div>\n\t\t\t\t\t\t\t\t\t<\/div>\n\t\t\t\t<div class=\"content\">\n\t\t\t\t\t<div class=\"sub-h title-with-dots\">\n\t\t\t\t\t\tchapter 07\t\t\t\t\t<\/div>\n\t\t\t\t\t<h4 class=\"h\">EBRU \u00c7\u00d6MLEK\u00c7\u0130<\/h4>\n\t\t\t\t<\/div>\n\t\t\t\t<a href=\"https:\/\/thewritersjourneyiisff.com\/wp-content\/uploads\/2024\/03\/WhatsApp-Image-2024-03-13-at-15.08.13-2.jpeg\" data-size=\"1080x1080\" data-magic-cursor=\"link-w-text\" data-magic-cursor-text=\"View\" data-id=\"7\"><\/a>\t\t\t<\/div>\n\t\t<\/article>\n\t\t\t\t<article class=\"item  popup-item col-12 col-md-6\">\n\t\t\t<div class=\"portfolio-item-grid3 wpb_animate_when_almost_visible wpb_fadeInLeft fadeInLeft post-1580 fw-portfolio type-fw-portfolio status-publish has-post-thumbnail hentry\">\n\t\t\t\t<div class=\"img-block\">\n\t\t\t\t\t\t\t\t\t\t\t<div class=\"img\" style=\"background-image: url(https:\/\/thewritersjourneyiisff.com\/wp-content\/uploads\/2023\/08\/WhatsApp-Image-2023-08-24-at-19.22.16-1024x653.jpeg)\"><\/div>\n\t\t\t\t\t\t\t\t\t<\/div>\n\t\t\t\t<div class=\"content\">\n\t\t\t\t\t<div class=\"sub-h title-with-dots\">\n\t\t\t\t\t\tchapter 08\t\t\t\t\t<\/div>\n\t\t\t\t\t<h4 class=\"h\">G\u00d6RKEM KENANO\u011eLU<\/h4>\n\t\t\t\t<\/div>\n\t\t\t\t<a href=\"https:\/\/thewritersjourneyiisff.com\/wp-content\/uploads\/2023\/08\/WhatsApp-Image-2023-08-24-at-19.22.16.jpeg\" data-size=\"1080x689\" data-magic-cursor=\"link-w-text\" data-magic-cursor-text=\"View\" data-id=\"8\"><\/a>\t\t\t<\/div>\n\t\t<\/article>\n\t\t\t\t<article class=\"item  popup-item col-12 col-md-6\">\n\t\t\t<div class=\"portfolio-item-grid3 wpb_animate_when_almost_visible wpb_fadeInLeft fadeInLeft post-1584 fw-portfolio type-fw-portfolio status-publish has-post-thumbnail hentry\">\n\t\t\t\t<div class=\"img-block\">\n\t\t\t\t\t\t\t\t\t\t\t<div class=\"img\" style=\"background-image: url(https:\/\/thewritersjourneyiisff.com\/wp-content\/uploads\/2023\/08\/WhatsApp-Image-2023-09-07-at-11.04.43.jpeg)\"><\/div>\n\t\t\t\t\t\t\t\t\t<\/div>\n\t\t\t\t<div class=\"content\">\n\t\t\t\t\t<div class=\"sub-h title-with-dots\">\n\t\t\t\t\t\tchapter 09\t\t\t\t\t<\/div>\n\t\t\t\t\t<h4 class=\"h\">CANAN MUTLUER<\/h4>\n\t\t\t\t<\/div>\n\t\t\t\t<a href=\"https:\/\/thewritersjourneyiisff.com\/wp-content\/uploads\/2023\/08\/WhatsApp-Image-2023-09-07-at-11.04.43.jpeg\" data-size=\"856x1024\" data-magic-cursor=\"link-w-text\" data-magic-cursor-text=\"View\" data-id=\"9\"><\/a>\t\t\t<\/div>\n\t\t<\/article>\n\t\t\t\t<article class=\"item  popup-item col-12 col-md-6\">\n\t\t\t<div class=\"portfolio-item-grid3 wpb_animate_when_almost_visible wpb_fadeInLeft fadeInLeft post-1607 fw-portfolio type-fw-portfolio status-publish has-post-thumbnail hentry\">\n\t\t\t\t<div class=\"img-block\">\n\t\t\t\t\t\t\t\t\t\t\t<div class=\"img\" style=\"background-image: url(https:\/\/thewritersjourneyiisff.com\/wp-content\/uploads\/2023\/09\/WhatsApp-Image-2024-03-13-at-15.08.11-1024x1024.jpeg)\"><\/div>\n\t\t\t\t\t\t\t\t\t<\/div>\n\t\t\t\t<div class=\"content\">\n\t\t\t\t\t<div class=\"sub-h title-with-dots\">\n\t\t\t\t\t\tchapter 10\t\t\t\t\t<\/div>\n\t\t\t\t\t<h4 class=\"h\">GAL\u0130P G\u00dcNER<\/h4>\n\t\t\t\t<\/div>\n\t\t\t\t<a href=\"https:\/\/thewritersjourneyiisff.com\/wp-content\/uploads\/2023\/09\/WhatsApp-Image-2024-03-13-at-15.08.11.jpeg\" data-size=\"1080x1080\" data-magic-cursor=\"link-w-text\" data-magic-cursor-text=\"View\" data-id=\"10\"><\/a>\t\t\t<\/div>\n\t\t<\/article>\n\t\t\t\t<article class=\"item  popup-item col-12 col-md-6\">\n\t\t\t<div class=\"portfolio-item-grid3 wpb_animate_when_almost_visible wpb_fadeInLeft fadeInLeft post-1616 fw-portfolio type-fw-portfolio status-publish has-post-thumbnail hentry\">\n\t\t\t\t<div class=\"img-block\">\n\t\t\t\t\t\t\t\t\t\t\t<div class=\"img\" style=\"background-image: url(https:\/\/thewritersjourneyiisff.com\/wp-content\/uploads\/2025\/04\/WhatsApp-Image-2025-04-08-at-19.25.06-819x1024.jpeg)\"><\/div>\n\t\t\t\t\t\t\t\t\t<\/div>\n\t\t\t\t<div class=\"content\">\n\t\t\t\t\t<div class=\"sub-h title-with-dots\">\n\t\t\t\t\t\tchapter 11\t\t\t\t\t<\/div>\n\t\t\t\t\t<h4 class=\"h\">ONUR \u015eENER<\/h4>\n\t\t\t\t<\/div>\n\t\t\t\t<a href=\"https:\/\/thewritersjourneyiisff.com\/wp-content\/uploads\/2025\/04\/WhatsApp-Image-2025-04-08-at-19.25.06.jpeg\" data-size=\"1080x1350\" data-magic-cursor=\"link-w-text\" data-magic-cursor-text=\"View\" data-id=\"11\"><\/a>\t\t\t<\/div>\n\t\t<\/article>\n\t\t\t\t<article class=\"item  popup-item col-12 col-md-6\">\n\t\t\t<div class=\"portfolio-item-grid3 wpb_animate_when_almost_visible wpb_fadeInLeft fadeInLeft post-1620 fw-portfolio type-fw-portfolio status-publish has-post-thumbnail hentry\">\n\t\t\t\t<div class=\"img-block\">\n\t\t\t\t\t\t\t\t\t\t\t<div class=\"img\" style=\"background-image: url(https:\/\/thewritersjourneyiisff.com\/wp-content\/uploads\/2025\/04\/WhatsApp-Image-2025-04-08-at-19.25.07-819x1024.jpeg)\"><\/div>\n\t\t\t\t\t\t\t\t\t<\/div>\n\t\t\t\t<div class=\"content\">\n\t\t\t\t\t<div class=\"sub-h title-with-dots\">\n\t\t\t\t\t\tchapter 12\t\t\t\t\t<\/div>\n\t\t\t\t\t<h4 class=\"h\">\u00d6MER FARUK G\u00dcNE\u015e<\/h4>\n\t\t\t\t<\/div>\n\t\t\t\t<a href=\"https:\/\/thewritersjourneyiisff.com\/wp-content\/uploads\/2025\/04\/WhatsApp-Image-2025-04-08-at-19.25.07.jpeg\" data-size=\"1080x1350\" data-magic-cursor=\"link-w-text\" data-magic-cursor-text=\"View\" data-id=\"12\"><\/a>\t\t\t<\/div>\n\t\t<\/article>\n\t\t\t\t\t\t\t<\/div>\n\t\t\t\t\t\t\t\t\t\t\t<div class=\"loadmore-button-block\">\n\t\t\t\t\t\t\t<a class=\"loadmore-button new\" href=\"#\" data-array=\"[{&quot;id&quot;:1628},{&quot;id&quot;:1629},{&quot;id&quot;:1630}] \" data-action=\"portfolio\" data-count=\"12\" data-atts=\"{&quot;uniqid&quot;:&quot;5cdd277e7ae77&quot;,&quot;count_items&quot;:&quot;12&quot;,&quot;type&quot;:&quot;grid_w_offsets&quot;,&quot;grid_style&quot;:&quot;style1&quot;,&quot;carousel_style&quot;:&quot;style1&quot;,&quot;sub_heading&quot;:&quot;chapter&quot;,&quot;sub_heading2&quot;:&quot;chapter&quot;,&quot;heading&quot;:&quot;&quot;,&quot;button_label&quot;:&quot;watch full portfolio&quot;,&quot;cols&quot;:&quot;col-12 col-md-6&quot;,&quot;carousel_cols&quot;:&quot;xs:1,sm:2,md:3,lg:4,&quot;,&quot;gap&quot;:&quot;on&quot;,&quot;filter_buttons&quot;:&quot;off&quot;,&quot;filter_buttons_align&quot;:&quot;tal&quot;,&quot;navigation&quot;:&quot;load_more&quot;,&quot;popup_mode&quot;:&quot;on&quot;,&quot;thumb_size&quot;:&quot;large&quot;,&quot;css_animation&quot;:&quot;fadeInLeft&quot;,&quot;slider_loop&quot;:&quot;on&quot;,&quot;slider_autoplay&quot;:&quot;on&quot;,&quot;slider_autoplay_timeout&quot;:&quot;5000&quot;,&quot;slider_arrows&quot;:&quot;on&quot;,&quot;slider_counter&quot;:&quot;on&quot;,&quot;orderby&quot;:&quot;post__in&quot;,&quot;order&quot;:&quot;ASC&quot;,&quot;source&quot;:&quot;&quot;,&quot;items&quot;:&quot;&quot;,&quot;categories&quot;:&quot;&quot;,&quot;css&quot;:&quot;&quot;}\"><span>Load More<\/span><\/a>\n\t\t\t\t\t\t<\/div>\n\t\t\t\t\t\t\t\t\t<\/div>\n\t\t\t\t\t\t[\/vc_column][\/vc_row]<\/p>\n<\/section>","protected":false},"excerpt":{"rendered":"<p>[vc_row][vc_column][\/vc_column][\/vc_row]<\/p>\n","protected":false},"author":1,"featured_media":0,"parent":596,"menu_order":0,"comment_status":"closed","ping_status":"closed","template":"template-landing.php","meta":{"_acf_changed":false,"footnotes":""},"class_list":["post-1221","page","type-page","status-publish","hentry"],"acf":[],"_links":{"self":[{"href":"https:\/\/thewritersjourneyiisff.com\/index.php\/wp-json\/wp\/v2\/pages\/1221","targetHints":{"allow":["GET"]}}],"collection":[{"href":"https:\/\/thewritersjourneyiisff.com\/index.php\/wp-json\/wp\/v2\/pages"}],"about":[{"href":"https:\/\/thewritersjourneyiisff.com\/index.php\/wp-json\/wp\/v2\/types\/page"}],"author":[{"embeddable":true,"href":"https:\/\/thewritersjourneyiisff.com\/index.php\/wp-json\/wp\/v2\/users\/1"}],"replies":[{"embeddable":true,"href":"https:\/\/thewritersjourneyiisff.com\/index.php\/wp-json\/wp\/v2\/comments?post=1221"}],"version-history":[{"count":1,"href":"https:\/\/thewritersjourneyiisff.com\/index.php\/wp-json\/wp\/v2\/pages\/1221\/revisions"}],"predecessor-version":[{"id":1508,"href":"https:\/\/thewritersjourneyiisff.com\/index.php\/wp-json\/wp\/v2\/pages\/1221\/revisions\/1508"}],"up":[{"embeddable":true,"href":"https:\/\/thewritersjourneyiisff.com\/index.php\/wp-json\/wp\/v2\/pages\/596"}],"wp:attachment":[{"href":"https:\/\/thewritersjourneyiisff.com\/index.php\/wp-json\/wp\/v2\/media?parent=1221"}],"curies":[{"name":"wp","href":"https:\/\/api.w.org\/{rel}","templated":true}]}}