{"id":562,"date":"2019-04-22T11:54:04","date_gmt":"2019-04-22T11:54:04","guid":{"rendered":"https:\/\/promo-theme.com\/mato\/?page_id=562"},"modified":"2023-02-26T21:42:10","modified_gmt":"2023-02-26T21:42:10","slug":"actor-director","status":"publish","type":"page","link":"https:\/\/thewritersjourneyiisff.com\/index.php\/actor-director\/","title":{"rendered":"Actor &#038; Director"},"content":{"rendered":"<section class=\"wpb-content-wrapper\"><p>[vc_row full_width=&#8221;stretch_row_content_no_spaces&#8221; uniqid=&#8221;5cd001162f263&#8243;][vc_column]    <section class=\"banner-area banner-area-5ccfffaf36cdc banner-default bsl-left\">\n              <div class=\"mouse-button on-right\" data-magic-cursor=\"link-small\">\n                      <span>Scroll Down<\/span>\n                  <\/div>\n                        <div class=\"banner-social-links\">\n            <div class=\"social-links-with-label\"><a href=\"https:\/\/www.youtube.com\/@setenayaciuruc\" target=\"_self\"><i class=\"fab fa-youtube-square\"><\/i><span>YouTube<\/span><\/a><a href=\"https:\/\/www.instagram.com\/acisetenay\/\" target=\"_self\"><i class=\"fab fa-instagram\"><\/i><span>Instagram<\/span><\/a><\/div>\n          <\/div>\n                    <div class=\"banner-item tal\" style=\"\">\n        \n    <div class=\"bg-overlay\">\n                        <div class=\"image\" data-parallax=\"true\" data-image-src=\"https:\/\/thewritersjourneyiisff.com\/wp-content\/uploads\/2019\/04\/bg25-scaled.jpg\" data-position-y=\"center\" data-speed=\"0.7\"><\/div>\n                            <\/div>\n\n            <div class=\"container\">\n          <div class=\"row align-items-center full-height\" style=\"\">\n            <div class=\"col\">\n                              <div class=\"heading-block tal\">\n                                      <h2 class=\"h\"><span>Mario Ruiz<\/span><br \/>\nTheater and Film Actor<\/h2>\n                                  <\/div>\n                              <a class=\"button-style1\" href=\"#\" target=\"_self\" data-magic-cursor=\"link\"><span>watch showreel<\/span><\/a>\n                              <div><\/p>\n<div class=\"row\">\n<div class=\"col-12 col-md-8 col-lg-6\">\n<div class=\"row\">\n<div class=\"col\">\n<div class=\"num-box\">\n<div class=\"number\">12<\/div>\n<div class=\"title\">cinema roles<\/div>\n<\/div>\n<\/div>\n<div class=\"col\">\n<div class=\"num-box\">\n<div class=\"number\">30<\/div>\n<div class=\"title\">theatre roles<\/div>\n<\/div>\n<\/div>\n<div class=\"col\">\n<div class=\"num-box\">\n<div class=\"number\">10<\/div>\n<div class=\"title\">sounding roles<\/div>\n<\/div>\n<\/div>\n<\/div>\n<\/div>\n<\/div>\n<p><\/div>\n                          <\/div>\n          <\/div>\n        <\/div>\n      <\/div>\n    <\/section>\n    [\/vc_column][\/vc_row][vc_row full_width=&#8221;stretch_row&#8221; content_color=&#8221;light&#8221; uniqid=&#8221;5cd00532fc7ae&#8221; css=&#8221;.vc_custom_1558422739783{padding-top: 90px !important;padding-bottom: 75px !important;}&#8221;][vc_column css_animation=&#8221;fadeInLeft&#8221; width=&#8221;1\/2&#8243; uniqid=&#8221;5ce272771d83e&#8221;]      <div class=\"heading-block heading-5cc14023875a0 tal h-h2 with-dots mode-overlay\">\n                  <h2 class=\"h\">Years of<br \/>\nsuccesfull<br \/>\n<span>experience<\/span><\/h2>\n              <\/div>\n        <div class=\"number-block number-block-5cc140ad9607c\"><span>12<\/span><\/div>\n    [\/vc_column][vc_column css_animation=&#8221;fadeInRight&#8221; width=&#8221;1\/2&#8243; uniqid=&#8221;5ce2727c814da&#8221;]      <div class=\"heading-block heading-5cc140ca2fef5 tal h-h5 type-accent\">\n                  <h5 class=\"h\">My profession is a <span>constant search<\/span>, delusions, joys, disappointments and ups, everyday life, from which I, the actor, have <span>to do poetry.<\/span><\/h5>\n              <\/div>\n    [vc_column_text el_class=&#8221;text-t1&#8243; css=&#8221;.vc_custom_1592287166495{margin-bottom: 5px !important;}&#8221;]Etiam at commodo odio, eu posuere mauris. Vestibulum ante ipsum primis in faucibus orci luctus et ultrices posuere cubilia curae; Sed maximus, tellus in varius congue, nibh diam imperdiet ex, eget rutrum velit elit vulputate urna. Nulla imperdiet lectus efficitur urna rhoncus malesuada.[\/vc_column_text][vc_row_inner content_placement=&#8221;middle&#8221; uniqid=&#8221;5cd0058e976a0&#8243;][vc_column_inner width=&#8221;1\/3&#8243;][vc_column_text]<\/p>\n<p style=\"text-align: center;\"><img loading=\"lazy\" decoding=\"async\" class=\"alignnone size-full wp-image-146\" src=\"https:\/\/thewritersjourneyiisff.com\/wp-content\/uploads\/2019\/04\/reward1-dark.png\" alt=\"\" width=\"120\" height=\"100\" \/><\/p>\n<p>[\/vc_column_text][\/vc_column_inner][vc_column_inner width=&#8221;1\/3&#8243;][vc_column_text]<\/p>\n<p style=\"text-align: center;\"><img loading=\"lazy\" decoding=\"async\" class=\"alignnone size-full wp-image-146\" src=\"https:\/\/thewritersjourneyiisff.com\/wp-content\/uploads\/2019\/04\/reward2-dark.png\" alt=\"\" width=\"120\" height=\"100\" \/><\/p>\n<p>[\/vc_column_text][\/vc_column_inner][vc_column_inner width=&#8221;1\/3&#8243;][vc_column_text]<\/p>\n<p style=\"text-align: center;\"><img loading=\"lazy\" decoding=\"async\" class=\"alignnone size-full wp-image-146\" src=\"https:\/\/thewritersjourneyiisff.com\/wp-content\/uploads\/2019\/04\/reward3-dark.png\" alt=\"\" width=\"120\" height=\"100\" \/><\/p>\n<p>[\/vc_column_text][\/vc_column_inner][\/vc_row_inner][\/vc_column][\/vc_row][vc_row full_width=&#8221;stretch_row&#8221; css=&#8221;.vc_custom_1557137151085{background-image: url(https:\/\/thewritersjourneyiisff.com\/wp-content\/uploads\/2019\/04\/bg26.jpg?id=61) !important;background-position: center !important;background-repeat: no-repeat !important;background-size: cover !important;}&#8221; uniqid=&#8221;5cd006d1e9250&#8243;][vc_column offset=&#8221;vc_col-lg-10 vc_col-md-11&#8243; uniqid=&#8221;5cd006c5fee52&#8243; css=&#8221;.vc_custom_1557137233056{padding-top: 0px !important;padding-bottom: 10px !important;}&#8221;]\t\t\t\t\t\t\t<div class=\"portfolio-carousel-style2 portfolio-5cd0069356782 vc_custom_1557137188172 popup-gallery\">\n\t\t\t\t\t<div class=\"content\">\n\t\t\t\t\t\t\t\t\t\t\t\t\t<div class=\"heading-block\">\n\t\t\t\t\t\t\t\t<h3 class=\"h\">My List Of Films &amp; Plays<\/h3>\n\t\t\t\t\t\t\t<\/div>\n\t\t\t\t\t\t\t\t\t\t\t\t\t<div class=\"nav\">\n\t\t\t\t\t\t\t\t<div class=\"prev base-icon-back\" data-magic-cursor=\"link-small\"><\/div>\n\t\t\t\t\t\t\t\t<div class=\"next base-icon-next-1\" data-magic-cursor=\"link-small\"><\/div>\n\t\t\t\t\t\t\t<\/div>\n\t\t\t\t\t\t\t\t\t\t\t<\/div>\n\t\t\t\t\t<div class=\"slider-block swiper-container\">\n\t\t\t\t\t\t<div class=\"swiper-wrapper\">\n\t\t\t\t\t\t\t\t\t<article class=\" popup-item swiper-slide\">\n\t\t\t<div class=\"portfolio-item post-357 fw-portfolio type-fw-portfolio status-publish has-post-thumbnail hentry\">\n\t\t\t\t<div class=\"img-block\">\n\t\t\t\t\t\t\t\t\t\t\t<div class=\"img\" style=\"background-image: url(https:\/\/thewritersjourneyiisff.com\/wp-content\/uploads\/2023\/02\/WhatsApp-Image-2024-04-22-at-09.02.29-1024x654.jpeg)\"><\/div>\n\t\t\t\t\t\t\t\t\t<\/div>\n\t\t\t\t<div class=\"content\">\n\t\t\t\t\t<h5 class=\"h\">SETENAY ACI<\/h5>\n\t\t\t\t\t<div class=\"meta\">Festival Director<\/div>\n\t\t\t\t<\/div>\n\t\t\t\t<a href=\"https:\/\/thewritersjourneyiisff.com\/wp-content\/uploads\/2023\/02\/WhatsApp-Image-2024-04-22-at-09.02.29.jpeg\" data-size=\"1600x1022\" data-magic-cursor=\"link-w-text\" data-magic-cursor-text=\"View\" data-id=\"1\"><\/a>\t\t\t<\/div>\n\t\t<\/article>\n\t\t\t\t<article class=\" popup-item swiper-slide\">\n\t\t\t<div class=\"portfolio-item post-1712 fw-portfolio type-fw-portfolio status-publish has-post-thumbnail hentry\">\n\t\t\t\t<div class=\"img-block\">\n\t\t\t\t\t\t\t\t\t\t\t<div class=\"img\" style=\"background-image: url(https:\/\/thewritersjourneyiisff.com\/wp-content\/uploads\/2025\/10\/WhatsApp-Image-2025-10-04-at-11.54.51-1024x1024.jpeg)\"><\/div>\n\t\t\t\t\t\t\t\t\t<\/div>\n\t\t\t\t<div class=\"content\">\n\t\t\t\t\t<h5 class=\"h\">TAMER LEVENT<\/h5>\n\t\t\t\t\t<div class=\"meta\">HONORAY JURY PRESIDENT<\/div>\n\t\t\t\t<\/div>\n\t\t\t\t<a href=\"https:\/\/thewritersjourneyiisff.com\/wp-content\/uploads\/2025\/10\/WhatsApp-Image-2025-10-04-at-11.54.51.jpeg\" data-size=\"1600x1600\" data-magic-cursor=\"link-w-text\" data-magic-cursor-text=\"View\" data-id=\"2\"><\/a>\t\t\t<\/div>\n\t\t<\/article>\n\t\t\t\t<article class=\" popup-item swiper-slide\">\n\t\t\t<div class=\"portfolio-item post-1716 fw-portfolio type-fw-portfolio status-publish has-post-thumbnail hentry\">\n\t\t\t\t<div class=\"img-block\">\n\t\t\t\t\t\t\t\t\t\t\t<div class=\"img\" style=\"background-image: url(https:\/\/thewritersjourneyiisff.com\/wp-content\/uploads\/2025\/10\/WhatsApp-Image-2025-10-04-at-11.54.30-1024x1024.jpeg)\"><\/div>\n\t\t\t\t\t\t\t\t\t<\/div>\n\t\t\t\t<div class=\"content\">\n\t\t\t\t\t<h5 class=\"h\">HAMD\u0130 ALKAN<\/h5>\n\t\t\t\t\t<div class=\"meta\">JURY PRESIDENT<\/div>\n\t\t\t\t<\/div>\n\t\t\t\t<a href=\"https:\/\/thewritersjourneyiisff.com\/wp-content\/uploads\/2025\/10\/WhatsApp-Image-2025-10-04-at-11.54.30.jpeg\" data-size=\"1600x1600\" data-magic-cursor=\"link-w-text\" data-magic-cursor-text=\"View\" data-id=\"3\"><\/a>\t\t\t<\/div>\n\t\t<\/article>\n\t\t\t\t<article class=\" popup-item swiper-slide\">\n\t\t\t<div class=\"portfolio-item post-363 fw-portfolio type-fw-portfolio status-publish has-post-thumbnail hentry\">\n\t\t\t\t<div class=\"img-block\">\n\t\t\t\t\t\t\t\t\t\t\t<div class=\"img\" style=\"background-image: url(https:\/\/thewritersjourneyiisff.com\/wp-content\/uploads\/2023\/08\/WhatsApp-Image-2023-08-24-at-19.16.11.jpeg)\"><\/div>\n\t\t\t\t\t\t\t\t\t<\/div>\n\t\t\t\t<div class=\"content\">\n\t\t\t\t\t<h5 class=\"h\">ERKAN KOL\u00c7AK K\u00d6STEND\u0130L<\/h5>\n\t\t\t\t\t<div class=\"meta\">Chief Jury Member <\/div>\n\t\t\t\t<\/div>\n\t\t\t\t<a href=\"https:\/\/thewritersjourneyiisff.com\/wp-content\/uploads\/2023\/08\/WhatsApp-Image-2023-08-24-at-19.16.11.jpeg\" data-size=\"817x1024\" data-magic-cursor=\"link-w-text\" data-magic-cursor-text=\"View\" data-id=\"4\"><\/a>\t\t\t<\/div>\n\t\t<\/article>\n\t\t\t\t<article class=\" popup-item swiper-slide\">\n\t\t\t<div class=\"portfolio-item post-365 fw-portfolio type-fw-portfolio status-publish has-post-thumbnail hentry\">\n\t\t\t\t<div class=\"img-block\">\n\t\t\t\t\t\t\t\t\t\t\t<div class=\"img\" style=\"background-image: url(https:\/\/thewritersjourneyiisff.com\/wp-content\/uploads\/2023\/02\/MUSTAFA-KARACAN-legal-adviser-683x1024.jpeg)\"><\/div>\n\t\t\t\t\t\t\t\t\t<\/div>\n\t\t\t\t<div class=\"content\">\n\t\t\t\t\t<h5 class=\"h\">MUSTAFA KARACAN<\/h5>\n\t\t\t\t\t<div class=\"meta\">Legal Adviser<\/div>\n\t\t\t\t<\/div>\n\t\t\t\t<a href=\"https:\/\/thewritersjourneyiisff.com\/wp-content\/uploads\/2023\/02\/MUSTAFA-KARACAN-legal-adviser.jpeg\" data-size=\"800x1200\" data-magic-cursor=\"link-w-text\" data-magic-cursor-text=\"View\" data-id=\"5\"><\/a>\t\t\t<\/div>\n\t\t<\/article>\n\t\t\t\t<article class=\" popup-item swiper-slide\">\n\t\t\t<div class=\"portfolio-item post-1565 fw-portfolio type-fw-portfolio status-publish has-post-thumbnail hentry\">\n\t\t\t\t<div class=\"img-block\">\n\t\t\t\t\t\t\t\t\t\t\t<div class=\"img\" style=\"background-image: url(https:\/\/thewritersjourneyiisff.com\/wp-content\/uploads\/2023\/02\/ahmet-sisman-chief-Jury-member.jpeg)\"><\/div>\n\t\t\t\t\t\t\t\t\t<\/div>\n\t\t\t\t<div class=\"content\">\n\t\t\t\t\t<h5 class=\"h\">AHMET \u015e\u0130\u015eMAN<\/h5>\n\t\t\t\t\t<div class=\"meta\">Jury Member<\/div>\n\t\t\t\t<\/div>\n\t\t\t\t<a href=\"https:\/\/thewritersjourneyiisff.com\/wp-content\/uploads\/2023\/02\/ahmet-sisman-chief-Jury-member.jpeg\" data-size=\"170x161\" data-magic-cursor=\"link-w-text\" data-magic-cursor-text=\"View\" data-id=\"6\"><\/a>\t\t\t<\/div>\n\t\t<\/article>\n\t\t\t\t<article class=\" popup-item swiper-slide\">\n\t\t\t<div class=\"portfolio-item post-1568 fw-portfolio type-fw-portfolio status-publish has-post-thumbnail hentry\">\n\t\t\t\t<div class=\"img-block\">\n\t\t\t\t\t\t\t\t\t\t\t<div class=\"img\" style=\"background-image: url(https:\/\/thewritersjourneyiisff.com\/wp-content\/uploads\/2024\/03\/WhatsApp-Image-2024-03-13-at-15.08.13-2-1024x1024.jpeg)\"><\/div>\n\t\t\t\t\t\t\t\t\t<\/div>\n\t\t\t\t<div class=\"content\">\n\t\t\t\t\t<h5 class=\"h\">EBRU \u00c7\u00d6MLEK\u00c7\u0130<\/h5>\n\t\t\t\t\t<div class=\"meta\">Jury Member<\/div>\n\t\t\t\t<\/div>\n\t\t\t\t<a href=\"https:\/\/thewritersjourneyiisff.com\/wp-content\/uploads\/2024\/03\/WhatsApp-Image-2024-03-13-at-15.08.13-2.jpeg\" data-size=\"1080x1080\" data-magic-cursor=\"link-w-text\" data-magic-cursor-text=\"View\" data-id=\"7\"><\/a>\t\t\t<\/div>\n\t\t<\/article>\n\t\t\t\t<article class=\" popup-item swiper-slide\">\n\t\t\t<div class=\"portfolio-item post-1580 fw-portfolio type-fw-portfolio status-publish has-post-thumbnail hentry\">\n\t\t\t\t<div class=\"img-block\">\n\t\t\t\t\t\t\t\t\t\t\t<div class=\"img\" style=\"background-image: url(https:\/\/thewritersjourneyiisff.com\/wp-content\/uploads\/2023\/08\/WhatsApp-Image-2023-08-24-at-19.22.16-1024x653.jpeg)\"><\/div>\n\t\t\t\t\t\t\t\t\t<\/div>\n\t\t\t\t<div class=\"content\">\n\t\t\t\t\t<h5 class=\"h\">G\u00d6RKEM KENANO\u011eLU<\/h5>\n\t\t\t\t\t<div class=\"meta\">Jury Member<\/div>\n\t\t\t\t<\/div>\n\t\t\t\t<a href=\"https:\/\/thewritersjourneyiisff.com\/wp-content\/uploads\/2023\/08\/WhatsApp-Image-2023-08-24-at-19.22.16.jpeg\" data-size=\"1080x689\" data-magic-cursor=\"link-w-text\" data-magic-cursor-text=\"View\" data-id=\"8\"><\/a>\t\t\t<\/div>\n\t\t<\/article>\n\t\t\t\t<article class=\" popup-item swiper-slide\">\n\t\t\t<div class=\"portfolio-item post-1584 fw-portfolio type-fw-portfolio status-publish has-post-thumbnail hentry\">\n\t\t\t\t<div class=\"img-block\">\n\t\t\t\t\t\t\t\t\t\t\t<div class=\"img\" style=\"background-image: url(https:\/\/thewritersjourneyiisff.com\/wp-content\/uploads\/2023\/08\/WhatsApp-Image-2023-09-07-at-11.04.43.jpeg)\"><\/div>\n\t\t\t\t\t\t\t\t\t<\/div>\n\t\t\t\t<div class=\"content\">\n\t\t\t\t\t<h5 class=\"h\">CANAN MUTLUER<\/h5>\n\t\t\t\t\t<div class=\"meta\">Jury Member <\/div>\n\t\t\t\t<\/div>\n\t\t\t\t<a href=\"https:\/\/thewritersjourneyiisff.com\/wp-content\/uploads\/2023\/08\/WhatsApp-Image-2023-09-07-at-11.04.43.jpeg\" data-size=\"856x1024\" data-magic-cursor=\"link-w-text\" data-magic-cursor-text=\"View\" data-id=\"9\"><\/a>\t\t\t<\/div>\n\t\t<\/article>\n\t\t\t\t\t\t\t\t<\/div>\n\t\t\t\t\t<\/div>\n\t\t\t\t<\/div>\n\t\t\t\t\t\t[\/vc_column][\/vc_row][vc_row full_width=&#8221;stretch_row&#8221; content_color=&#8221;light&#8221; uniqid=&#8221;5cd007b1a5028&#8243; css=&#8221;.vc_custom_1557137464369{padding-top: 90px !important;padding-bottom: 90px !important;}&#8221;][vc_column]    <div class=\"testimonials-block testimonials-items-5cd007f905001 testimonials-block-style4\">\n              <div class=\"prev base-icon-back\" data-magic-cursor=\"link-small\"><\/div>\n        <div class=\"next base-icon-next-1\" data-magic-cursor=\"link-small\"><\/div>\n            <div class=\"swiper-container\" data-magic-cursor=\"link-w-text\" data-magic-cursor-text=\"Drag\">\n        <div class=\"swiper-wrapper\">\n              <div class=\"testimonials-item swiper-slide testimonials-item-5cd00805f0151\">\n                        <blockquote>Fusce turpis libero, mollis et dui vel, lacinia ultrices dolor. Cras convallis pretium lacus, eu fringilla velit auctor ut. Donec fringilla arcu sit amet enim tristique, semper interdum purus pharetra. Nam laoreet tellus nec venenatis convallis. Sed turpis mi, ornare at placerat ac, aliquam quis dui. Maecenas in volutpat leo, quis imperdiet elit.<\/blockquote>\n                  <div class=\"name\">Mario Ruiz<\/div>\n                      <div class=\"signature\"><img loading=\"lazy\" decoding=\"async\" width=\"200\" height=\"68\" src=\"https:\/\/thewritersjourneyiisff.com\/wp-content\/uploads\/2019\/04\/signature.png\" class=\"attachment-full size-full\" alt=\"\" \/><\/div>\n          <\/div>\n        <div class=\"testimonials-item swiper-slide testimonials-item-5ee85fd14cd2f\">\n                        <blockquote>Fusce turpis libero, mollis et dui vel, lacinia ultrices dolor. Cras convallis pretium lacus, eu fringilla velit auctor ut. Donec fringilla arcu sit amet enim tristique, semper interdum purus pharetra. Nam laoreet tellus nec venenatis convallis. Sed turpis mi, ornare at placerat ac, aliquam quis dui. Maecenas in volutpat leo, quis imperdiet elit.<\/blockquote>\n                  <div class=\"name\">Mario Ruiz<\/div>\n                      <div class=\"signature\"><img loading=\"lazy\" decoding=\"async\" width=\"200\" height=\"68\" src=\"https:\/\/thewritersjourneyiisff.com\/wp-content\/uploads\/2019\/04\/signature.png\" class=\"attachment-full size-full\" alt=\"\" \/><\/div>\n          <\/div>\n        <div class=\"testimonials-item swiper-slide testimonials-item-5ee85fd46d8c1\">\n                        <blockquote>Fusce turpis libero, mollis et dui vel, lacinia ultrices dolor. Cras convallis pretium lacus, eu fringilla velit auctor ut. Donec fringilla arcu sit amet enim tristique, semper interdum purus pharetra. Nam laoreet tellus nec venenatis convallis. Sed turpis mi, ornare at placerat ac, aliquam quis dui. Maecenas in volutpat leo, quis imperdiet elit.<\/blockquote>\n                  <div class=\"name\">Mario Ruiz<\/div>\n                      <div class=\"signature\"><img loading=\"lazy\" decoding=\"async\" width=\"200\" height=\"68\" src=\"https:\/\/thewritersjourneyiisff.com\/wp-content\/uploads\/2019\/04\/signature.png\" class=\"attachment-full size-full\" alt=\"\" \/><\/div>\n          <\/div>\n            <\/div>\n      <\/div>\n    <\/div>\n    [\/vc_column][\/vc_row][vc_row full_width=&#8221;stretch_row_content_no_spaces&#8221; uniqid=&#8221;5cd00b46648bb&#8221;][vc_column]    <div class=\"video-block video-block-5cd00a6ed4263 fix-height light-color\" style=\"height: 540px;\">\n      \n    <div class=\"bg-overlay\">\n                        <div class=\"image\" data-parallax=\"true\" data-image-src=\"https:\/\/thewritersjourneyiisff.com\/wp-content\/uploads\/2019\/04\/bg27-scaled.jpg\" data-position-y=\"center\" data-speed=\"0.2\"><\/div>\n                            <\/div>\n\n          <div class=\"content\">\n                  <div class=\"heading-block\">\n            <h2 class=\"h\">Watch My<br \/>\n<span>2019 Showreel<\/span><\/h2>\n          <\/div>\n                  <div class=\"text-t1\">A talentedly played two-hour performance, very funny at the beginning, and touching at the end, was warmly received by the London public.<\/div>\n                <a class=\"play-button single-popup-item\" href=\"#\" data-type=\"video\" data-size=\"960x640\" data-video='<div class=\"wrapper\"><div class=\"video-wrapper\"><iframe loading=\"lazy\" class=\"pswp__video\" width=\"960\" height=\"640\" src=\"https:\/\/youtube.com\/embed\/zJ7hUvU-d2Q?rel=0&#038;\" frameborder=\"0\" allowfullscreen><\/iframe><\/div><\/div>' data-magic-cursor=\"link-small\">\n          <svg>\n            <use xlink:href=\"#dotted-circle\"><\/use>\n          <\/svg>\n          <span><i class=\"essential-compilation-play-button\"><\/i><\/span>\n                  <\/a>\n      <\/div>\n    <\/div>\n    [\/vc_column][\/vc_row][vc_row full_width=&#8221;stretch_row&#8221; content_color=&#8221;light&#8221; uniqid=&#8221;5cd00e1293465&#8243; css=&#8221;.vc_custom_1558422944379{padding-top: 55px !important;padding-bottom: 25px !important;}&#8221;][vc_column]      <div class=\"heading-block heading-5cd00de60a700 tal h-h2 with-dots\">\n                  <h2 class=\"h\">My Latest <span>News<\/span><\/h2>\n              <\/div>\n          <div class=\"blog-block filter-block blog-5cd00e087a410\">\n                <div class=\" blog-items row isotope blog-grid\">\n                      <div class=\"grid-sizer col-1\"><\/div>\n                                  <article class=\"blog-item  col-12 col-md-4 category-uncategorized\">\n              <div class=\"wrap \">\n                                <div class=\"content\">\n                                      <div class=\"date\">February 26, 2023<\/div>\n                                      <h5 class=\"title\"><a href=\"https:\/\/thewritersjourneyiisff.com\/index.php\/2023\/02\/26\/ataturk-and-the-global-world\/\">Ataturk And The Global World<\/a><\/h5>\n                                      <div class=\"desc\">Mustafa Kemal Atat\u00fcrk was born in 1881 in Thessaloniki, Kocakasim District, in a three-storey pink house on Islahhane Street. His father is Al...<\/div>\n                                      <a class=\"button-style1\" href=\"https:\/\/thewritersjourneyiisff.com\/index.php\/2023\/02\/26\/ataturk-and-the-global-world\/\"><span>Read More<\/span><\/a>\n                                  <\/div>\n              <\/div>\n            <\/article>\n                                  <article class=\"blog-item  col-12 col-md-4 category-uncategorized\">\n              <div class=\"wrap \">\n                                <div class=\"content\">\n                                      <div class=\"date\">February 26, 2023<\/div>\n                                      <h5 class=\"title\"><a href=\"https:\/\/thewritersjourneyiisff.com\/index.php\/2023\/02\/26\/ataturk-cultural-center\/\">Atat\u00fcrk Cultural Center<\/a><\/h5>\n                                      <div class=\"desc\">We are excited that the award ceremony of the first year of our festival will take place at the Atat\u00fcrk Cultural Center, which hosts valuable ...<\/div>\n                                      <a class=\"button-style1\" href=\"https:\/\/thewritersjourneyiisff.com\/index.php\/2023\/02\/26\/ataturk-cultural-center\/\"><span>Read More<\/span><\/a>\n                                  <\/div>\n              <\/div>\n            <\/article>\n                                  <article class=\"blog-item  col-12 col-md-4 category-uncategorized\">\n              <div class=\"wrap \">\n                                <div class=\"content\">\n                                      <div class=\"date\">February 26, 2023<\/div>\n                                      <h5 class=\"title\"><a href=\"https:\/\/thewritersjourneyiisff.com\/index.php\/2023\/02\/26\/rules-terms\/\">Rules & Terms\u00a0<\/a><\/h5>\n                                      <div class=\"desc\">At the end of last year, Bumblebee emerged as one of the big surprise blockbusters of the year. While Transformers movies of the past didn\u2019t f...<\/div>\n                                      <a class=\"button-style1\" href=\"https:\/\/thewritersjourneyiisff.com\/index.php\/2023\/02\/26\/rules-terms\/\"><span>Read More<\/span><\/a>\n                                  <\/div>\n              <\/div>\n            <\/article>\n                  <\/div>\n              <\/div>\n      [\/vc_column][\/vc_row]<\/p>\n<\/section>","protected":false},"excerpt":{"rendered":"<p>[vc_row full_width=&#8221;stretch_row_content_no_spaces&#8221; uniqid=&#8221;5cd001162f263&#8243;][vc_column][\/vc_column][\/vc_row][vc_row full_width=&#8221;stretch_row&#8221; content_color=&#8221;light&#8221; uniqid=&#8221;5cd00532fc7ae&#8221; css=&#8221;.vc_custom_1558422739783{padding-top: 90px !important;padding-bottom: 75px !important;}&#8221;][vc_column css_animation=&#8221;fadeInLeft&#8221; width=&#8221;1\/2&#8243; uniqid=&#8221;5ce272771d83e&#8221;][\/vc_column][vc_column css_animation=&#8221;fadeInRight&#8221; width=&#8221;1\/2&#8243; uniqid=&#8221;5ce2727c814da&#8221;][vc_column_text el_class=&#8221;text-t1&#8243; css=&#8221;.vc_custom_1592287166495{margin-bottom: 5px !important;}&#8221;]Etiam at commodo odio, eu posuere mauris. Vestibulum ante ipsum primis in faucibus orci luctus et ultrices posuere cubilia curae; Sed maximus, tellus in varius congue, nibh diam imperdiet ex, eget rutrum velit elit vulputate [&hellip;]<\/p>\n","protected":false},"author":1,"featured_media":0,"parent":0,"menu_order":0,"comment_status":"closed","ping_status":"closed","template":"template-landing.php","meta":{"_acf_changed":false,"footnotes":""},"class_list":["post-562","page","type-page","status-publish","hentry"],"acf":[],"_links":{"self":[{"href":"https:\/\/thewritersjourneyiisff.com\/index.php\/wp-json\/wp\/v2\/pages\/562","targetHints":{"allow":["GET"]}}],"collection":[{"href":"https:\/\/thewritersjourneyiisff.com\/index.php\/wp-json\/wp\/v2\/pages"}],"about":[{"href":"https:\/\/thewritersjourneyiisff.com\/index.php\/wp-json\/wp\/v2\/types\/page"}],"author":[{"embeddable":true,"href":"https:\/\/thewritersjourneyiisff.com\/index.php\/wp-json\/wp\/v2\/users\/1"}],"replies":[{"embeddable":true,"href":"https:\/\/thewritersjourneyiisff.com\/index.php\/wp-json\/wp\/v2\/comments?post=562"}],"version-history":[{"count":1,"href":"https:\/\/thewritersjourneyiisff.com\/index.php\/wp-json\/wp\/v2\/pages\/562\/revisions"}],"predecessor-version":[{"id":1374,"href":"https:\/\/thewritersjourneyiisff.com\/index.php\/wp-json\/wp\/v2\/pages\/562\/revisions\/1374"}],"wp:attachment":[{"href":"https:\/\/thewritersjourneyiisff.com\/index.php\/wp-json\/wp\/v2\/media?parent=562"}],"curies":[{"name":"wp","href":"https:\/\/api.w.org\/{rel}","templated":true}]}}